{"id":975,"date":"2021-02-25T10:53:26","date_gmt":"2021-02-25T10:53:26","guid":{"rendered":"https:\/\/waanders-garten.de\/?page_id=975"},"modified":"2021-03-18T13:34:00","modified_gmt":"2021-03-18T13:34:00","slug":"gestaltung","status":"publish","type":"page","link":"https:\/\/waanders-garten.de\/index.php\/gestaltung\/","title":{"rendered":"Gestaltung"},"content":{"rendered":"<div data-colibri-id=\"975-c1\" class=\"style-465 style-local-975-c1 position-relative\">\n  <!---->\n  <div data-colibri-component=\"section\" data-colibri-id=\"975-c2\" id=\"custom\" class=\"h-section h-section-global-spacing d-flex align-items-lg-center align-items-md-center align-items-center style-466 style-local-975-c2 position-relative\">\n    <!---->\n    <!---->\n    <div class=\"h-section-grid-container h-section-boxed-container\">\n      <!---->\n      <div data-colibri-id=\"975-c3\" class=\"h-row-container gutters-row-lg-3 gutters-row-md-3 gutters-row-0 gutters-row-v-lg-3 gutters-row-v-md-3 gutters-row-v-3 style-467 style-local-975-c3 position-relative\">\n        <!---->\n        <div class=\"h-row justify-content-lg-center justify-content-md-center justify-content-center align-items-lg-center align-items-md-center align-items-center gutters-col-lg-3 gutters-col-md-3 gutters-col-0 gutters-col-v-lg-3 gutters-col-v-md-3 gutters-col-v-3\">\n          <!---->\n          <div class=\"h-column h-column-container d-flex h-col-lg-12 h-col-md-12 h-col-12 align-self-lg-center align-self-md-center align-self-center style-468-outer style-local-975-c4-outer\">\n            <div data-colibri-id=\"975-c4\" class=\"d-flex h-flex-basis h-column__inner h-px-lg-2 h-px-md-2 h-px-2 v-inner-lg-2 v-inner-md-2 v-inner-2 style-468 style-local-975-c4 position-relative\">\n              <!---->\n              <!---->\n              <div class=\"w-100 h-y-container h-column__content h-column__v-align flex-basis-100 align-self-lg-start align-self-md-start align-self-start\">\n                <!---->\n                <div data-colibri-id=\"975-c5\" class=\"style-469 style-local-975-c5 position-relative h-element\">\n                  <!---->\n                  <div class=\"\"><div id=\"metaslider-id-1018\" style=\"width: 100%;\" class=\"ml-slider-3-108-0 ml-slider-pro-2-18-2 metaslider metaslider-flex metaslider-1018 ml-slider .metaslider effect2 ms-theme-_theme_1613732620 nav-hidden\" role=\"region\" aria-label=\"Gestaltung Waanders\" data-height=\"470\" data-width=\"1187\">\n    <div id=\"metaslider_container_1018\">\n        <div id=\"metaslider_1018\">\n            <ul class='slides'>\n                <li style=\"display: block; width: 100%;\" class=\"slide-1019 ms-image \" aria-roledescription=\"slide\" data-date=\"2021-02-25 17:06:20\" data-filename=\"gartenpflege-bild-2-1-1187x470.jpg\" data-slide-type=\"image\"><img loading=\"lazy\" decoding=\"async\" src=\"https:\/\/waanders-garten.de\/wp-content\/uploads\/2021\/02\/gartenpflege-bild-2-1-1187x470.jpg\" height=\"470\" width=\"1187\" alt=\"\" class=\"slider-1018 slide-1019 msDefaultImage\" title=\"gestaltung-startbild\" \/><div class=\"caption-wrap\"><div class=\"caption\">G E S T A L T U N G<\/div><\/div><\/li>\n            <\/ul>\n        <\/div>\n        \n    <\/div>\n<\/div><\/div>\n                <\/div>\n              <\/div>\n            <\/div>\n          <\/div>\n        <\/div>\n      <\/div>\n    <\/div>\n  <\/div>\n  <div data-colibri-component=\"section\" data-colibri-id=\"975-c6\" id=\"custom-2\" class=\"h-section h-section-global-spacing d-flex align-items-lg-center align-items-md-center align-items-center style-470 style-local-975-c6 position-relative\">\n    <!---->\n    <!---->\n    <div class=\"h-section-grid-container h-section-boxed-container\">\n      <!---->\n      <div data-colibri-id=\"975-c7\" class=\"h-row-container gutters-row-lg-2 gutters-row-md-2 gutters-row-0 gutters-row-v-lg-2 gutters-row-v-md-2 gutters-row-v-2 style-471 style-local-975-c7 position-relative\">\n        <!---->\n        <div class=\"h-row justify-content-lg-center justify-content-md-center justify-content-center align-items-lg-stretch align-items-md-stretch align-items-stretch gutters-col-lg-2 gutters-col-md-2 gutters-col-0 gutters-col-v-lg-2 gutters-col-v-md-2 gutters-col-v-2\">\n          <!---->\n          <div class=\"h-column h-column-container d-flex h-col-lg-12 h-col-md-12 h-col-12 style-472-outer style-local-975-c8-outer\">\n            <div data-colibri-id=\"975-c8\" class=\"d-flex h-flex-basis h-column__inner h-px-lg-2 h-px-md-2 h-px-2 v-inner-lg-2 v-inner-md-2 v-inner-2 style-472 style-local-975-c8 position-relative\">\n              <!---->\n              <!---->\n              <div class=\"w-100 h-y-container h-column__content h-column__v-align flex-basis-100 align-self-lg-start align-self-md-start align-self-start\">\n                <!---->\n                <div data-colibri-id=\"975-c9\" class=\"h-text h-text-component style-473 style-local-975-c9 position-relative h-element\">\n                  <!---->\n                  <!---->\n                  <div class=\"\">\n                    <h2><span style=\"color: black; font-family: &quot;Open Sans&quot;; font-size: 23pt;\">Unsere Leistungen; unser Service &#8211; <br>wir wollen, dass Du lange zufrieden bleibst.<\/span><\/h2>\n                    <h3><span style=\"color: rgb(68, 114, 196); font-family: &quot;Open Sans&quot;; font-size: 18pt;\">Gartengestaltung<\/span><span style=\"color: black; font-family: &quot;Open Sans&quot;; font-size: 18pt;\"> soll nachhaltig sein und alle Jahreszeiten ber\u00fccksichtigen. Wenn Du Dich im Sommer wohlf\u00fchlst und Dich auch im Winter an Deiner <\/span>\n                      <span\n                        style=\"color: rgb(68, 114, 196); font-family: &quot;Open Sans&quot;; font-size: 18pt;\">Gartengestaltung<\/span><span style=\"color: black; font-family: &quot;Open Sans&quot;; font-size: 18pt;\"> erfreust, dann haben wir alles richtig gemacht. Dabei beachten wir sowohl die optische Gestaltung als auch die Funktionalit\u00e4t unserer Ausf\u00fchrung. Deine Bed\u00fcrfnisse stehen dabei im Mittelpunkt und wir finden L\u00f6sungen um Witterung, Grundst\u00fccksgegebenheiten oder der Umwelt Rechnung zu tragen und alles in die gew\u00fcnschte Form zu bringen. Fordere uns heraus, wir sind da, um eine&nbsp;L\u00f6sung aufzuzeigen, die Dich gl\u00fccklich macht. Worauf wartest Du noch? &#8211;<\/span>\n                        <span\n                          style=\"color: rgb(68, 114, 196); font-family: &quot;Abadi Extra Light&quot;; font-size: 18pt;\"> <\/span>\n                          <a href=\"https:\/\/waanders-garten.de\/index.php\/kontakt\" style=\"color: rgb(68, 114, 196); font-family: &quot;Open Sans&quot;; font-size: 18pt;\">Sprich uns an, wir freuen uns!<\/a>\n                    <\/h3>\n                    <p>\n                      <br>\n                    <\/p>\n                  <\/div>\n                <\/div>\n              <\/div>\n            <\/div>\n          <\/div>\n        <\/div>\n      <\/div>\n    <\/div>\n  <\/div>\n<\/div>","protected":false},"excerpt":{"rendered":"<p>Unsere Leistungen; unser Service &#8211; wir wollen, dass Du lange zufrieden bleibst. Gartengestaltung soll nachhaltig sein und alle Jahreszeiten ber\u00fccksichtigen. Wenn Du Dich im Sommer wohlf\u00fchlst und Dich auch im Winter an Deiner Gartengestaltung erfreust, dann haben wir alles richtig gemacht. Dabei beachten wir sowohl die optische Gestaltung als auch die Funktionalit\u00e4t unserer Ausf\u00fchrung. Deine [&hellip;]<\/p>\n","protected":false},"author":1,"featured_media":0,"parent":0,"menu_order":0,"comment_status":"closed","ping_status":"closed","template":"page-templates\/full-width-page.php","meta":{"footnotes":""},"class_list":["post-975","page","type-page","status-publish","hentry"],"_links":{"self":[{"href":"https:\/\/waanders-garten.de\/index.php\/wp-json\/wp\/v2\/pages\/975","targetHints":{"allow":["GET"]}}],"collection":[{"href":"https:\/\/waanders-garten.de\/index.php\/wp-json\/wp\/v2\/pages"}],"about":[{"href":"https:\/\/waanders-garten.de\/index.php\/wp-json\/wp\/v2\/types\/page"}],"author":[{"embeddable":true,"href":"https:\/\/waanders-garten.de\/index.php\/wp-json\/wp\/v2\/users\/1"}],"replies":[{"embeddable":true,"href":"https:\/\/waanders-garten.de\/index.php\/wp-json\/wp\/v2\/comments?post=975"}],"version-history":[{"count":9,"href":"https:\/\/waanders-garten.de\/index.php\/wp-json\/wp\/v2\/pages\/975\/revisions"}],"predecessor-version":[{"id":2118,"href":"https:\/\/waanders-garten.de\/index.php\/wp-json\/wp\/v2\/pages\/975\/revisions\/2118"}],"wp:attachment":[{"href":"https:\/\/waanders-garten.de\/index.php\/wp-json\/wp\/v2\/media?parent=975"}],"curies":[{"name":"wp","href":"https:\/\/api.w.org\/{rel}","templated":true}]}}