{"id":979,"date":"2021-02-25T10:58:25","date_gmt":"2021-02-25T10:58:25","guid":{"rendered":"https:\/\/waanders-garten.de\/?page_id=979"},"modified":"2021-03-15T15:34:05","modified_gmt":"2021-03-15T15:34:05","slug":"pflege","status":"publish","type":"page","link":"https:\/\/waanders-garten.de\/index.php\/pflege\/","title":{"rendered":"Pflege &#038; Wartung"},"content":{"rendered":"<div data-colibri-id=\"979-c1\" class=\"style-474 style-local-979-c1 position-relative\">\n  <!---->\n  <div data-colibri-component=\"section\" data-colibri-id=\"979-c2\" id=\"custom\" class=\"h-section h-section-global-spacing d-flex align-items-lg-center align-items-md-center align-items-center style-475 style-local-979-c2 position-relative\">\n    <!---->\n    <!---->\n    <div class=\"h-section-grid-container h-section-boxed-container\">\n      <!---->\n      <div data-colibri-id=\"979-c3\" class=\"h-row-container gutters-row-lg-3 gutters-row-md-3 gutters-row-0 gutters-row-v-lg-3 gutters-row-v-md-3 gutters-row-v-3 style-476 style-local-979-c3 position-relative\">\n        <!---->\n        <div class=\"h-row justify-content-lg-center justify-content-md-center justify-content-center align-items-lg-center align-items-md-center align-items-center gutters-col-lg-3 gutters-col-md-3 gutters-col-0 gutters-col-v-lg-3 gutters-col-v-md-3 gutters-col-v-3\">\n          <!---->\n          <div class=\"h-column h-column-container d-flex h-col-lg-12 h-col-md-12 h-col-12 align-self-lg-center align-self-md-center align-self-center style-477-outer style-local-979-c4-outer\">\n            <div data-colibri-id=\"979-c4\" class=\"d-flex h-flex-basis h-column__inner h-px-lg-2 h-px-md-2 h-px-2 v-inner-lg-2 v-inner-md-2 v-inner-2 style-477 style-local-979-c4 position-relative\">\n              <!---->\n              <!---->\n              <div class=\"w-100 h-y-container h-column__content h-column__v-align flex-basis-100 align-self-lg-start align-self-md-start align-self-start\">\n                <!---->\n                <div data-colibri-id=\"979-c5\" class=\"style-478 style-local-979-c5 position-relative h-element\">\n                  <!---->\n                  <div class=\"\"><div id=\"metaslider-id-998\" style=\"width: 100%;\" class=\"ml-slider-3-108-0 ml-slider-pro-2-18-2 metaslider metaslider-flex metaslider-998 ml-slider .metaslider effect2 ms-theme-_theme_1613732620 nav-hidden\" role=\"region\" aria-label=\"Pflege-Wartung\" data-height=\"470\" data-width=\"1187\">\n    <div id=\"metaslider_container_998\">\n        <div id=\"metaslider_998\">\n            <ul class='slides'>\n                <li style=\"display: block; width: 100%;\" class=\"slide-999 ms-image \" aria-roledescription=\"slide\" data-date=\"2021-02-25 11:32:19\" data-filename=\"pflege-wartung-startbild-1187x470.jpg\" data-slide-type=\"image\"><img loading=\"lazy\" decoding=\"async\" src=\"https:\/\/waanders-garten.de\/wp-content\/uploads\/2021\/02\/pflege-wartung-startbild-1187x470.jpg\" height=\"470\" width=\"1187\" alt=\"\" class=\"slider-998 slide-999 msDefaultImage\" title=\"pflege-wartung-startbild\" \/><div class=\"caption-wrap\"><div class=\"caption\">P F L E G E &amp; W A R T U N G<\/div><\/div><\/li>\n            <\/ul>\n        <\/div>\n        \n    <\/div>\n<\/div><\/div>\n                <\/div>\n              <\/div>\n            <\/div>\n          <\/div>\n        <\/div>\n      <\/div>\n    <\/div>\n  <\/div>\n  <div data-colibri-component=\"section\" data-colibri-id=\"979-c6\" id=\"custom-2\" class=\"h-section h-section-global-spacing d-flex align-items-lg-center align-items-md-center align-items-center style-479 style-local-979-c6 position-relative\">\n    <!---->\n    <!---->\n    <div class=\"h-section-grid-container h-section-boxed-container\">\n      <!---->\n      <div data-colibri-id=\"979-c7\" class=\"h-row-container gutters-row-lg-2 gutters-row-md-2 gutters-row-0 gutters-row-v-lg-2 gutters-row-v-md-2 gutters-row-v-2 style-480 style-local-979-c7 position-relative\">\n        <!---->\n        <div class=\"h-row justify-content-lg-center justify-content-md-center justify-content-center align-items-lg-stretch align-items-md-stretch align-items-stretch gutters-col-lg-2 gutters-col-md-2 gutters-col-0 gutters-col-v-lg-2 gutters-col-v-md-2 gutters-col-v-2\">\n          <!---->\n          <div class=\"h-column h-column-container d-flex h-col-lg-12 h-col-md-12 h-col-12 style-481-outer style-local-979-c8-outer\">\n            <div data-colibri-id=\"979-c8\" class=\"d-flex h-flex-basis h-column__inner h-px-lg-2 h-px-md-2 h-px-2 v-inner-lg-2 v-inner-md-2 v-inner-2 style-481 style-local-979-c8 position-relative\">\n              <!---->\n              <!---->\n              <div class=\"w-100 h-y-container h-column__content h-column__v-align flex-basis-100 align-self-lg-start align-self-md-start align-self-start\">\n                <!---->\n                <div data-colibri-id=\"979-c9\" class=\"h-lead h-text h-text-component style-482 style-local-979-c9 position-relative h-element\">\n                  <!---->\n                  <!---->\n                  <div class=\"\">\n                    <h2><span style=\"font-size: 23pt; font-family: &quot;Open Sans&quot;; color: black;\">Unsere Leistungen; unser Service &#8211; <br>wir wollen, dass Du lange zufrieden bleibst.<\/span><\/h2>\n                    <h3><span style=\"font-size: 18pt; font-family: &quot;Open Sans&quot;; color: black;\">Dein Garten ist ein St\u00fcck Natur und ist dieser in allen Jahreszeiten ausgesetzt. Wir helfen Dir gerne bei der <\/span><span style=\"font-size: 18pt; font-family: &quot;Open Sans&quot;; color: rgb(68, 114, 196);\">Pflege <\/span>\n                      <span\n                        style=\"font-size: 18pt; font-family: &quot;Open Sans&quot;; color: rgb(64, 64, 64);\">und <\/span><span style=\"font-size: 18pt; font-family: &quot;Open Sans&quot;; color: rgb(68, 114, 196);\">Wartung <\/span><span style=\"font-size: 18pt; font-family: &quot;Open Sans&quot;; color: black;\">Deines Gartens. Bei einem Naturpool oder ein Schwimmteich geh\u00f6ren Algen, fallende Bl\u00e4tter, herumfliegende Pollen und ein nat\u00fcrlicher Biofilm, der sich an der Folie absetzen kann, dazu.<\/span><\/h3>\n                    <h3><span style=\"font-size: 18pt; font-family: &quot;Open Sans&quot;; color: black;\">Wenn Du magst, f\u00fchren wir die folgenden Wartungsarbeiten an Deinem Pool oder Teich f\u00fcr Dich durch:<\/span>\n                      <br><span style=\"font-size: 18pt; font-family: Wingdings; color: rgb(250, 251, 248);\">&nbsp;<\/span><span style=\"font-size: 18pt; font-family: Wingdings; color: rgb(146, 208, 80);\"> \u00a7<\/span><span style=\"font-size: 18pt; font-family: Wingdings; color: rgb(253, 254, 250);\">&nbsp;&nbsp;<\/span>\n                      <span\n                        style=\"font-size: 18pt; font-family: &quot;Open Sans&quot;; color: black;\">Grunds\u00e4uberung \u2013 z.B. im Fr\u00fchjahr<\/span><span style=\"font-size: 18pt; font-family: Wingdings; color: rgb(146, 208, 80);\"><br><\/span><span style=\"font-size: 18pt; font-family: Wingdings; color: rgb(248, 250, 246);\">&nbsp;<\/span>\n                        <span\n                          style=\"font-size: 18pt; font-family: Wingdings; color: rgb(146, 208, 80);\"> \u00a7<\/span><span style=\"font-size: 18pt; font-family: &quot;Abadi Extra Light&quot;; color: black;\">&nbsp; &nbsp;<\/span><span style=\"font-size: 18pt; font-family: &quot;Open Sans&quot;; color: black;\">R\u00fccksp\u00fclung<\/span><span style=\"font-size: 18pt; font-family: Wingdings; color: rgb(146, 208, 80);\"><br><\/span>\n                          <span\n                            style=\"font-size: 18pt; font-family: Wingdings; color: rgb(250, 253, 248);\">&nbsp;<\/span><span style=\"font-size: 18pt; font-family: Wingdings; color: rgb(146, 208, 80);\"> \u00a7<\/span><span style=\"font-size: 18pt; font-family: &quot;Abadi Extra Light&quot;; color: black;\">&nbsp; &nbsp;<\/span><span style=\"font-size: 18pt; font-family: &quot;Open Sans&quot;; color: black;\">Stickstoff-D\u00fcngung<\/span>\n                            <span\n                              style=\"font-size: 18pt; font-family: Wingdings; color: rgb(146, 208, 80);\">\n                              <br>\n                              <\/span><span style=\"font-size: 18pt; font-family: Wingdings; color: rgb(253, 255, 251);\">&nbsp; <\/span><span style=\"font-size: 18pt; font-family: Wingdings; color: rgb(146, 208, 80);\">\u00a7<\/span><span style=\"font-size: 18pt; font-family: &quot;Abadi Extra Light&quot;; color: black;\">&nbsp; &nbsp;<\/span>\n                              <span\n                                style=\"font-size: 18pt; font-family: &quot;Open Sans&quot;; color: black;\">Winterfest machen \u2013 z.B. Entw\u00e4sserung der Pumpen oder Laub-Auffangnetz spannen\n                                <br>Und auch hierbei kannst Du Dich auf uns verlassen:<\/span><span style=\"font-size: 18pt; font-family: &quot;Abadi Extra Light&quot;; color: black;\"> <\/span><span style=\"font-size: 18pt; font-family: Wingdings; color: rgb(146, 208, 80);\"><br>&nbsp; \u00a7<\/span>\n                                <span\n                                  style=\"font-size: 18pt; font-family: Arial; color: black;\">&nbsp;&nbsp;<\/span><span style=\"font-size: 18pt; font-family: &quot;Open Sans&quot;; color: black;\">Heckenschnitt, Rasenpflege, Baum- und Obstbaumschnitt, Rabatten- und Beetpflege<\/span><span style=\"font-size: 18pt; font-family: &quot;Abadi Extra Light&quot;; color: black;\"><br><\/span>\n                                  <span\n                                    style=\"font-size: 18pt; font-family: &quot;Open Sans&quot;; color: black;\">Und wenn Du noch andere Gartenarbeiten f\u00fcr uns hast:<\/span><span style=\"font-size: 18pt; font-family: &quot;Abadi Extra Light&quot;; color: black;\">&nbsp;<\/span>\n                                    <a href=\"https:\/\/waanders-garten.de\/index.php\/kontakt\" style=\"font-size: 18pt; font-family: &quot;Open Sans&quot;; color: rgb(68, 114, 196); font-weight: 300;\">Sprich uns an, wir freuen uns!<\/a>\n                    <\/h3>\n                    <p>\n                      <br>\n                    <\/p>\n                  <\/div>\n                <\/div>\n              <\/div>\n            <\/div>\n          <\/div>\n        <\/div>\n      <\/div>\n    <\/div>\n  <\/div>\n<\/div>","protected":false},"excerpt":{"rendered":"<p>Unsere Leistungen; unser Service &#8211; wir wollen, dass Du lange zufrieden bleibst. Dein Garten ist ein St\u00fcck Natur und ist dieser in allen Jahreszeiten ausgesetzt. Wir helfen Dir gerne bei der Pflege und Wartung Deines Gartens. Bei einem Naturpool oder ein Schwimmteich geh\u00f6ren Algen, fallende Bl\u00e4tter, herumfliegende Pollen und ein nat\u00fcrlicher Biofilm, der sich an [&hellip;]<\/p>\n","protected":false},"author":1,"featured_media":0,"parent":0,"menu_order":0,"comment_status":"closed","ping_status":"closed","template":"page-templates\/full-width-page.php","meta":{"footnotes":""},"class_list":["post-979","page","type-page","status-publish","hentry"],"_links":{"self":[{"href":"https:\/\/waanders-garten.de\/index.php\/wp-json\/wp\/v2\/pages\/979","targetHints":{"allow":["GET"]}}],"collection":[{"href":"https:\/\/waanders-garten.de\/index.php\/wp-json\/wp\/v2\/pages"}],"about":[{"href":"https:\/\/waanders-garten.de\/index.php\/wp-json\/wp\/v2\/types\/page"}],"author":[{"embeddable":true,"href":"https:\/\/waanders-garten.de\/index.php\/wp-json\/wp\/v2\/users\/1"}],"replies":[{"embeddable":true,"href":"https:\/\/waanders-garten.de\/index.php\/wp-json\/wp\/v2\/comments?post=979"}],"version-history":[{"count":11,"href":"https:\/\/waanders-garten.de\/index.php\/wp-json\/wp\/v2\/pages\/979\/revisions"}],"predecessor-version":[{"id":1657,"href":"https:\/\/waanders-garten.de\/index.php\/wp-json\/wp\/v2\/pages\/979\/revisions\/1657"}],"wp:attachment":[{"href":"https:\/\/waanders-garten.de\/index.php\/wp-json\/wp\/v2\/media?parent=979"}],"curies":[{"name":"wp","href":"https:\/\/api.w.org\/{rel}","templated":true}]}}