{"id":982,"date":"2021-02-25T11:01:29","date_gmt":"2021-02-25T11:01:29","guid":{"rendered":"https:\/\/waanders-garten.de\/?page_id=982"},"modified":"2021-03-18T11:34:31","modified_gmt":"2021-03-18T11:34:31","slug":"unwetter","status":"publish","type":"page","link":"https:\/\/waanders-garten.de\/index.php\/unwetter\/","title":{"rendered":"Unwettersch\u00e4den"},"content":{"rendered":"<div data-colibri-id=\"982-c1\" class=\"style-503 style-local-982-c1 position-relative\">\n  <!---->\n  <div data-colibri-component=\"section\" data-colibri-id=\"982-c2\" id=\"custom\" class=\"h-section h-section-global-spacing d-flex align-items-lg-center align-items-md-center align-items-center style-504 style-local-982-c2 position-relative\">\n    <!---->\n    <!---->\n    <div class=\"h-section-grid-container h-section-boxed-container\">\n      <!---->\n      <div data-colibri-id=\"982-c3\" class=\"h-row-container gutters-row-lg-3 gutters-row-md-3 gutters-row-0 gutters-row-v-lg-3 gutters-row-v-md-3 gutters-row-v-3 style-505 style-local-982-c3 position-relative\">\n        <!---->\n        <div class=\"h-row justify-content-lg-center justify-content-md-center justify-content-center align-items-lg-center align-items-md-center align-items-center gutters-col-lg-3 gutters-col-md-3 gutters-col-0 gutters-col-v-lg-3 gutters-col-v-md-3 gutters-col-v-3\">\n          <!---->\n          <div class=\"h-column h-column-container d-flex h-col-lg-12 h-col-md-12 h-col-12 align-self-lg-center align-self-md-center align-self-center style-506-outer style-local-982-c4-outer\">\n            <div data-colibri-id=\"982-c4\" class=\"d-flex h-flex-basis h-column__inner h-px-lg-2 h-px-md-2 h-px-2 v-inner-lg-2 v-inner-md-2 v-inner-2 style-506 style-local-982-c4 position-relative\">\n              <!---->\n              <!---->\n              <div class=\"w-100 h-y-container h-column__content h-column__v-align flex-basis-100 align-self-lg-start align-self-md-start align-self-start\">\n                <!---->\n                <div data-colibri-id=\"982-c5\" class=\"style-507 style-local-982-c5 position-relative h-element\">\n                  <!---->\n                  <div class=\"\"><div id=\"metaslider-id-1002\" style=\"width: 100%;\" class=\"ml-slider-3-108-0 ml-slider-pro-2-18-2 metaslider metaslider-flex metaslider-1002 ml-slider .metaslider effect2 ms-theme-_theme_1613732620 nav-hidden\" role=\"region\" aria-label=\"Unwetter Waanders\" data-height=\"470\" data-width=\"1187\">\n    <div id=\"metaslider_container_1002\">\n        <div id=\"metaslider_1002\">\n            <ul class='slides'>\n                <li style=\"display: block; width: 100%;\" class=\"slide-1003 ms-image \" aria-roledescription=\"slide\" data-date=\"2021-02-25 11:47:13\" data-filename=\"unwetterschaeden-startbild-1187x470.jpg\" data-slide-type=\"image\"><img loading=\"lazy\" decoding=\"async\" src=\"https:\/\/waanders-garten.de\/wp-content\/uploads\/2021\/02\/unwetterschaeden-startbild-1187x470.jpg\" height=\"470\" width=\"1187\" alt=\"\" class=\"slider-1002 slide-1003 msDefaultImage\" title=\"unwetterschaeden-startbild\" \/><div class=\"caption-wrap\"><div class=\"caption\">U N W E T T E R S C H \u00c4 D E N<\/div><\/div><\/li>\n            <\/ul>\n        <\/div>\n        \n    <\/div>\n<\/div><\/div>\n                <\/div>\n              <\/div>\n            <\/div>\n          <\/div>\n        <\/div>\n      <\/div>\n    <\/div>\n  <\/div>\n  <div data-colibri-component=\"section\" data-colibri-id=\"982-c6\" id=\"custom-2\" class=\"h-section h-section-global-spacing d-flex align-items-lg-center align-items-md-center align-items-center style-508 style-local-982-c6 position-relative\">\n    <!---->\n    <!---->\n    <div class=\"h-section-grid-container h-section-boxed-container\">\n      <!---->\n      <div data-colibri-id=\"982-c7\" class=\"h-row-container gutters-row-lg-2 gutters-row-md-2 gutters-row-0 gutters-row-v-lg-2 gutters-row-v-md-2 gutters-row-v-2 style-509 style-local-982-c7 position-relative\">\n        <!---->\n        <div class=\"h-row justify-content-lg-center justify-content-md-center justify-content-center align-items-lg-stretch align-items-md-stretch align-items-stretch gutters-col-lg-2 gutters-col-md-2 gutters-col-0 gutters-col-v-lg-2 gutters-col-v-md-2 gutters-col-v-2\">\n          <!---->\n          <div class=\"h-column h-column-container d-flex h-col-lg-12 h-col-md-12 h-col-12 style-510-outer style-local-982-c8-outer\">\n            <div data-colibri-id=\"982-c8\" class=\"d-flex h-flex-basis h-column__inner h-px-lg-2 h-px-md-2 h-px-2 v-inner-lg-2 v-inner-md-2 v-inner-2 style-510 style-local-982-c8 position-relative\">\n              <!---->\n              <!---->\n              <div class=\"w-100 h-y-container h-column__content h-column__v-align flex-basis-100 align-self-lg-start align-self-md-start align-self-start\">\n                <!---->\n                <div data-colibri-id=\"982-c9\" class=\"h-text h-text-component style-511 style-local-982-c9 position-relative h-element\">\n                  <!---->\n                  <!---->\n                  <div class=\"\">\n                    <h2><span style=\"color: black; font-family: &quot;Open Sans&quot;; font-size: 23pt;\">Unsere Leistungen; unser Service &#8211; <br>wir wollen, dass Du lange zufrieden bleibst.<\/span><\/h2>\n                    <h3><span style=\"color: black; font-family: &quot;Open Sans&quot;; font-size: 18pt; font-weight: 300;\">In Zeiten der Klimaver\u00e4nderung h\u00e4ufen sich St\u00fcrme, Starkregen oder Hagel. <\/span><span style=\"color: rgb(68, 114, 196); font-family: &quot;Open Sans&quot;; font-size: 18pt; font-weight: 300;\">Unwetter<\/span>\n                      <span\n                        style=\"color: black; font-family: &quot;Open Sans&quot;; font-size: 18pt; font-weight: 300;\"> verursachen oft erhebliche <\/span><span style=\"color: rgb(68, 114, 196); font-family: &quot;Open Sans&quot;; font-size: 18pt; font-weight: 300;\">Sch\u00e4den<\/span><span style=\"color: black; font-family: &quot;Open Sans&quot;; font-size: 18pt; font-weight: 300;\"> an Deinen B\u00e4umen, \u00dcberflutungen besch\u00e4digen die Gehwege und Beeteinfassungen in Deinem Garten oder ein Sichtschutz wird vom Sturm weggerissen. Ein Schreckensszenario, bei dem wir Dir gerne zur Seite stehen und den Schaden schnell beseitigen.<\/span><\/h3>\n                    <h3><span style=\"color: black; font-family: &quot;Open Sans&quot;; font-size: 18pt;\">Unsere langj\u00e4hrige Erfahrung, fundierte Ausbildung und unsere technische Ausr\u00fcstung machen uns zu Deinem<br>Partner im Schadensfall.<\/span><span style=\"color: black; font-family: &quot;Abadi Extra Light&quot;; font-size: 18pt;\"> <\/span>\n                      <a\n                        href=\"https:\/\/waanders-garten.de\/index.php\/kontakt\" style=\"color: rgb(68, 114, 196); font-family: &quot;Open Sans&quot;; font-size: 18pt;\">Sprich uns an, wir freuen uns!<\/a>\n                    <\/h3>\n                    <p>\n                      <br>\n                    <\/p>\n                  <\/div>\n                <\/div>\n              <\/div>\n            <\/div>\n          <\/div>\n        <\/div>\n      <\/div>\n    <\/div>\n  <\/div>\n<\/div>","protected":false},"excerpt":{"rendered":"<p>Unsere Leistungen; unser Service &#8211; wir wollen, dass Du lange zufrieden bleibst. In Zeiten der Klimaver\u00e4nderung h\u00e4ufen sich St\u00fcrme, Starkregen oder Hagel. Unwetter verursachen oft erhebliche Sch\u00e4den an Deinen B\u00e4umen, \u00dcberflutungen besch\u00e4digen die Gehwege und Beeteinfassungen in Deinem Garten oder ein Sichtschutz wird vom Sturm weggerissen. Ein Schreckensszenario, bei dem wir Dir gerne zur Seite [&hellip;]<\/p>\n","protected":false},"author":1,"featured_media":0,"parent":0,"menu_order":0,"comment_status":"closed","ping_status":"closed","template":"page-templates\/full-width-page.php","meta":{"footnotes":""},"class_list":["post-982","page","type-page","status-publish","hentry"],"_links":{"self":[{"href":"https:\/\/waanders-garten.de\/index.php\/wp-json\/wp\/v2\/pages\/982","targetHints":{"allow":["GET"]}}],"collection":[{"href":"https:\/\/waanders-garten.de\/index.php\/wp-json\/wp\/v2\/pages"}],"about":[{"href":"https:\/\/waanders-garten.de\/index.php\/wp-json\/wp\/v2\/types\/page"}],"author":[{"embeddable":true,"href":"https:\/\/waanders-garten.de\/index.php\/wp-json\/wp\/v2\/users\/1"}],"replies":[{"embeddable":true,"href":"https:\/\/waanders-garten.de\/index.php\/wp-json\/wp\/v2\/comments?post=982"}],"version-history":[{"count":6,"href":"https:\/\/waanders-garten.de\/index.php\/wp-json\/wp\/v2\/pages\/982\/revisions"}],"predecessor-version":[{"id":2055,"href":"https:\/\/waanders-garten.de\/index.php\/wp-json\/wp\/v2\/pages\/982\/revisions\/2055"}],"wp:attachment":[{"href":"https:\/\/waanders-garten.de\/index.php\/wp-json\/wp\/v2\/media?parent=982"}],"curies":[{"name":"wp","href":"https:\/\/api.w.org\/{rel}","templated":true}]}}